(base 6) to base 4.
22322311011
Convert -31133100210 (base 4) to base 14.
-68084c
What is 1286d (base 14) in base 12?
22455
What is -1d165b (base 14) in base 9?
-1856265
115974d (base 14) to base 15
ad9ebc
-4514915 (base 10) to base 8
-21162143
10780800 (base 9) to base 10
5249448
111ea3 (base 16) to base 10
1121955
Convert -3b00c (base 13) to base 12.
-536b2
Convert -131300322 (base 4) to base 6.
-2340230
3b6b28 (base 12) to base 14
1b977a
-13201305 (base 8) to base 14
-56b021
Convert 122011201210 (base 3) to base 15.
6a276
What is -102210001001 (base 3) in base 11?
-149213
What is 33acd (base 14) in base 2?
11110101010110101
What is -3243333412 (base 5) in base 16?
-6afd94
-67685 (base 9) to base 4
-22333220
11100001001010011010 (base 2) to base 10
922266
-12456546 (base 7) to base 12
-46bb63
Convert -385002 (base 11) to base 4.
-2110023122
25396 (base 15) to base 13
421a4
Convert -7761875 (base 10) to base 8.
-35467723
Convert 10113112 (base 4) to base 8.
42726
What is -b07b85 (base 16) in base 2?
-101100000111101110000101
What is 4305122 (base 6) in base 10?
211082
What is 1628a8 (base 12) in base 16?
5c480
Convert 73916 (base 10) to base 8.
220274
Convert 11543130 (base 7) to base 5.
231122210
What is -b531 (base 12) in base 8?
-46465
What is -614817 (base 9) in base 14?
-96b51
-2505011 (base 6) to base 9
-222737
Convert 2a9971 (base 13) to base 3.
1222022202102
11210002020211 (base 3) to base 6
130242421
What is 403337 (base 13) in base 8?
5542534
Convert -144443322 (base 5) to base 13.
-2146a8
What is -206332 (base 15) in base 12?
-623062
37aab (base 15) to base 5
21143121
-1100011001111000111000 (base 2) to base 13
-89b130
2111330123 (base 4) to base 3
1011012111002
-7838680 (base 9) to base 4
-100011322320
What is 212665 (base 7) in base 15?
ae97
1003323003 (base 4) to base 3
112010122010
11b9d4 (base 16) to base 14
2234d6
-1010334 (base 7) to base 4
-131112132
675314 (base 8) to base 14
5d16c
Convert -443303423 (base 5) to base 13.
-528353
Convert -454350 (base 8) to base 4.
-211203220
What is -81423 (base 9) in base 5?
-3203222
What is 210331122 (base 4) in base 8?
447532
Convert 534620 (base 9) to base 16.
4db8c
What is 102331201 (base 4) in base 13?
29473
What is 11420011 (base 5) in base 2?
11010001111110010
What is 23980 (base 11) in base 10?
34452
What is -2112811 (base 10) in base 14?
-3cdd91
-220c8 (base 16) to base 8
-420310
-11011101110111111100 (base 2) to base 16
-dddfc
-43233014 (base 5) to base 12
-158a90
Convert 201121161 (base 7) to base 4.
230200330233
-502b55 (base 12) to base 7
-13422113
What is 8aa202 (base 14) in base 12?
16b4422
-2698807 (base 11) to base 8
-21577424
Convert -21451552 (base 8) to base 14.
-87d894
Convert -a0467 (base 11) to base 16.
-23e17
What is -4130487 (base 9) in base 10?
-2204899
133465514 (base 7) to base 9
17276645
What is -44700 (base 14) in base 7?
-1261000
30234337 (base 8) to base 4
120103203133
2321202 (base 5) to base 7
233413
-4206c8 (base 13) to base 5
-343342342
1405c (base 15) to base 14
19588
-331101333 (base 4) to base 14
-67691
2310213123 (base 4) to base 8
2644733
Convert 3b6948 (base 13) to base 8.
5401775
-97a5 (base 14) to base 8
-63145
Convert -2223323 (base 4) to base 3.
-120002112
Convert -76de (base 16) to base 13.
-10b0a
What is 11774736 (base 9) in base 10?
5777196
-5243543 (base 6) to base 4
-332032113
What is 710ad7 (base 14) in base 16?
3a1095
-1252d2e (base 15) to base 14
-1a6c52b
Convert 140557 (base 10) to base 9.
233724
178675 (base 13) to base 6
20351014
What is 27776 (base 15) in base 3?
20102121110
What is -c106 (base 16) in base 2?
-1100000100000110
Convert -1010201220301 (base 4) to base 12.
-6023701
Convert -1122123342 (base 5) to base 8.
-11531241
948584 (base 12) to base 10
2337076
What is -2877649 (base 12) in base 13?
-18b4405
Convert -11123111 (base 5) to base 13.
-35b04
What is -273558 (base 9) in base 11?
-104249
-260064 (base 9) to base 2
-100110011101010010
What is 11100110111101110110 (base 2) in base 14?
1a8aa2
Convert 24066756 (base 8) to base 14.
9b2cd8
-1c86de (base 15) to base 12
-573662
What is -100201331021 (base 4) in base 7?
-51555530
Convert 235327 (base 9) to base 2.
100010100101111110
What is 1ab15 (base 15) in base 3?
11102011102
Convert e91 (base 15) to base 8.
6326
What is 12305a (base 12) in base 16?
48286
What is 10123402023 (base 5) in base 3?
201111221220021
15a5215 (base 11) to base 7
32130406
Convert -123353134 (base 6) to base 10.
-2409970
-4432623 (base 7) to base 6
-15411520
What is -104a3b6 (base 12) in base 2?
-1011110001100110111010
-114600100 (base 7) to base 4
-123110000113
Convert 9532 (base 16) to base 9.
57347
36cab1 (base 16) to base 13
98956c
493aab8 (base 12) to base 4
312122202230
13475226 (base 8) to base 13
8285b8
Convert -1330440 (base 5) to base 3.
-1101000211
-102154140 (base 6) to base 5
-424204413
Convert -1a9154 (base 15) to base 16.
-13c7b0
Convert -304124314 (base 5) to base 14.
-24391c
Convert 155210 (base 9) to base 10.
95670
What is -13b88c7 (base 13) in base 16?
-5fbb9e
Convert 8d4b8e (base 15) to base 16.
66fc32
Convert 304a4 (base 13) to base 16.
151dd
What is -a7d10 (base 15) in base 11?
-334348
-3a946 (base 12) to base 2
-10011101111000110
-208117 (base 11) to base 15
-68979
5888a8 (base 13) to base 5
1014312034
410804 (base 9) to base 2
111011011011010001
Convert -1001100101111000111010 (base 2) to base 3.
-11201202020021
What is 12021210201011 (base 3) in base 5?
1204421222
1000010101110110000 (base 2) to base 16
42bb0
-1010101000100010000 (base 2) to base 14
-90da0
What is -121211002202 (base 3) in base 11?
-206796
What is aa087 (base 15) in base 16?
83ddf
Convert -22135432 (base 6) to base 2.
-10100010100111101100
1dc63 (base 15) to base 10
97293
Convert -698154 (base 14) to base 11.
-2035a00
Convert 4472024 (base 8) to base 4.
10213100110
Convert e6140 (base 15) to base 4.
2302003011
What is 153ab34 (base 13) in base 10?
6792829
Convert -115223012 (base 7) to base 10.
-7216043
What is -1939726 (base 10) in base 13?
-52bb89
What is 3223584 (base 9) in base 7?
20455342
What is 13448270 (base 9) in base 13?
14b8c27
-270273 (base 8) to base 11
-64a14
What is 616721 (base 8) in base 2?
110001110111010001
-10223412 (base 5) to base 8
-250133
What is -12287687 (base 9) in base 10?
-6022105
Convert -213f4 (base 16) to base 2.
-100001001111110100
Convert -211332111 (base 4) to base 2.
-100101111110010101
-2e757 (base 15) to base 5
-14301112
1313042213 (base 5) to base 4
30122021020
What is 132574 (base 10) in base 4?
200113132
Convert -10001100011001101 (base 2) to base 8.
-214315
Convert 278216 (base 10) to base 7.
2236061
What is -246207 (base 10) in base 9?
-414653
-a2346a (base 12) to base 6
-130203014
What is 602363 (base 8) in base 11?
125737
What is 779b3 (base 12) in base 2?
100110101111010111
What is -26794 (base 12) in base 4?
-30323200
What is 1252443 (base 6) in base 2?
10000111010101011
Convert 211111301 (base 5) to base 16.
d6967
What is -13ca7a (base 16) in base 8?
-4745172
Convert 40c20 (base 16) to base 14.
6c944
What is -12220310023 (base 4) in base 5?
-421140133
What is -2c2a (base 14) in base 7?
-31653
-c63ddc (base 14) to base 6
-355301010
-5632422 (base 11) to base 3
-200120111202011
Convert -346260 (base 7) to base 10.
-62223
Convert -1211030230 (base 4) to base 9.
-701534
Convert 1c8669 (base 13) to base 2.
10110010111000011110
-1aa33 (base 15) to base 14
-2382d
Convert 19a205 (base 11) to base 6.
10322225
Convert -20020122110 (base 3) to base 11.
-84407
Convert -1224444 (base 7) to base 15.
-31ab0
What is 3e2d0 (base 15) in base 6?
4140510
What is 332102000 (base 4) in base 9?
427838
What is 1692474 (base 15) in base 2?
111110100110011010010011
What is -1156784 (base 9) in base 8?
-2313130
What is -36234a (base 12) in base 14?
-18ab7c
-110011001011011010 (base 2) to base 9
-348487
What is -178825 (base 14) in base 5?
-203032124
117570 (base 8) to base 2
1001111101111000
Convert -1012538 (base 9) to base 4.
-2003303330
231751 (base 15) to base 8
6310603
What is 245104125 (base 7) in base 13?
3273447
Convert -21011112212222 (base 3) to base 4.
-32202012020
Convert 564205 (base 7) to base 6.
2050324
What is -46352343 (base 7) in base 3?
-21122102212200
Convert 111114